{"id":622,"date":"2018-09-27T06:49:07","date_gmt":"2018-09-27T06:49:07","guid":{"rendered":"https:\/\/www.baumeister-klima.de\/cms\/?page_id=622"},"modified":"2018-09-27T06:49:07","modified_gmt":"2018-09-27T06:49:07","slug":"projekte-2018","status":"publish","type":"page","link":"https:\/\/www.baumeister-klima.de\/cms\/projekte-2018\/","title":{"rendered":"Projekte 2018"},"content":{"rendered":"<table width=\"724\">\n<tbody>\n<tr>\n<td width=\"337\">Projekt<\/td>\n<td width=\"271\"><\/td>\n<td width=\"116\">Auftragssumme \u20ac<\/td>\n<\/tr>\n<tr>\n<td>Maschinenhersteller<\/td>\n<td>Reinraum Erweiterung L\u00fcftung<\/td>\n<td>600.000,00<\/td>\n<\/tr>\n<tr>\n<td>MRS Elektronik, Rottweil<\/td>\n<td>Halle 2 &#8211; Anbau 2018 &#8211;<\/td>\n<td>560.000,00<\/td>\n<\/tr>\n<tr>\n<td>Stocker, Pfullendorf<\/td>\n<td>Erw. Prod. Fa. Sp\u00f6rl, Sigmaringendorf<\/td>\n<td>436.000,00<\/td>\n<\/tr>\n<tr>\n<td>Blum-Novotest, Gr\u00fcnkraut<\/td>\n<td>Installation L\u00fcftungsanlage<\/td>\n<td>426.000,00<\/td>\n<\/tr>\n<tr>\n<td>Fahrzeugaufbereiter + Car Tuning<\/td>\n<td>Erweiterung 3<\/td>\n<td>402.000,00<\/td>\n<\/tr>\n<tr>\n<td>BNS Boysen, Altenstaig<\/td>\n<td>Entrauchung UG<\/td>\n<td>290.000,00<\/td>\n<\/tr>\n<tr>\n<td>Caritas, Singen<\/td>\n<td>Neubau Werkstatt<\/td>\n<td>290.000,00<\/td>\n<\/tr>\n<tr>\n<td>Staiger Formenbau, K\u00f6nigsfeld<\/td>\n<td>Neubau<\/td>\n<td>287.000,00<\/td>\n<\/tr>\n<tr>\n<td>Maschinenhersteller<\/td>\n<td>Reinraum<\/td>\n<td>280.000,00<\/td>\n<\/tr>\n<tr>\n<td>Fahrzeugaufbereiter + Car Tuning<\/td>\n<td>Erweiterung 2<\/td>\n<td>212.000,00<\/td>\n<\/tr>\n<tr>\n<td>Maschinenhersteller<\/td>\n<td>Be- &amp; Entl\u00fcftung<\/td>\n<td>182.000,00<\/td>\n<\/tr>\n<tr>\n<td>F. Boysen, B\u00f6mbach<\/td>\n<td>Umbau Geb. PG1 Pr\u00fcfraum 6<\/td>\n<td>160.000,00<\/td>\n<\/tr>\n<tr>\n<td>Gemeinde Niedereschach<\/td>\n<td>San. Schlossberghalle Kappel<\/td>\n<td>158.660,00<\/td>\n<\/tr>\n<tr>\n<td>Maschinenhersteller<\/td>\n<td>Sanierung RLT-Anlage &amp; MSR<\/td>\n<td>123.000,00<\/td>\n<\/tr>\n<tr>\n<td>Stadt Villingen-Schwenningen<\/td>\n<td>Jugendkulturelles Zentrum<\/td>\n<td>102.000,00<\/td>\n<\/tr>\n<tr>\n<td width=\"337\">Bewegungs- und Gesundheitszentrum (Priester)<\/td>\n<td>Zu- &amp; Abluftanlage<\/td>\n<td>91.000,00<\/td>\n<\/tr>\n<tr>\n<td>Seitenbau Immobilien, Kostanz<\/td>\n<td>Neubau B\u00fcrogeb\u00e4ude<\/td>\n<td>80.000,00<\/td>\n<\/tr>\n<tr>\n<td>Fassadenhersteller<\/td>\n<td>CNC-Halle &#8211; Klima- &amp; W\u00e4rmer\u00fcckgew.<\/td>\n<td>71.000,00<\/td>\n<\/tr>\n<tr>\n<td>Hesta, Radolfzell<\/td>\n<td>Saturn &#8211; Umnutzung Logistik<\/td>\n<td>67.000,00<\/td>\n<\/tr>\n<tr>\n<td>Stadt Villingen-Schwenningen<\/td>\n<td>S\u00fcdstadtschule, VS<\/td>\n<td>61.711,00<\/td>\n<\/tr>\n<tr>\n<td>V\u00f6tsch, Balingen<\/td>\n<td>Umbau Halle 2<\/td>\n<td>61.330,00<\/td>\n<\/tr>\n<tr>\n<td>Fischerwerke, Tumlingen<\/td>\n<td>Nachr\u00fcstung K\u00e4lte-Kantine<\/td>\n<td>54.000,00<\/td>\n<\/tr>\n<tr>\n<td><\/td>\n<td><\/td>\n<td><\/td>\n<\/tr>\n<tr>\n<td>Auschnitt aus unseren Referenzen mit Kundenschutz (nach DSGVO)<\/td>\n<td><\/td>\n<td><\/td>\n<\/tr>\n<tr>\n<td><\/td>\n<td><\/td>\n<td><\/td>\n<\/tr>\n<\/tbody>\n<\/table>\n","protected":false},"excerpt":{"rendered":"<p>Projekt Auftragssumme \u20ac Maschinenhersteller Reinraum Erweiterung L\u00fcftung 600.000,00 MRS Elektronik, Rottweil Halle 2 &#8211; Anbau 2018 &#8211; 560.000,00 Stocker, Pfullendorf Erw. Prod. Fa. Sp\u00f6rl, Sigmaringendorf 436.000,00 Blum-Novotest, Gr\u00fcnkraut Installation L\u00fcftungsanlage 426.000,00 Fahrzeugaufbereiter + Car Tuning Erweiterung 3 402.000,00 BNS Boysen, Altenstaig Entrauchung UG 290.000,00 Caritas, Singen Neubau Werkstatt 290.000,00 Staiger Formenbau, K\u00f6nigsfeld Neubau 287.000,00 Maschinenhersteller &hellip;<\/p>\n","protected":false},"author":1,"featured_media":0,"parent":0,"menu_order":0,"comment_status":"closed","ping_status":"closed","template":"","meta":{"footnotes":""},"class_list":["post-622","page","type-page","status-publish","hentry"],"_links":{"self":[{"href":"https:\/\/www.baumeister-klima.de\/cms\/wp-json\/wp\/v2\/pages\/622","targetHints":{"allow":["GET"]}}],"collection":[{"href":"https:\/\/www.baumeister-klima.de\/cms\/wp-json\/wp\/v2\/pages"}],"about":[{"href":"https:\/\/www.baumeister-klima.de\/cms\/wp-json\/wp\/v2\/types\/page"}],"author":[{"embeddable":true,"href":"https:\/\/www.baumeister-klima.de\/cms\/wp-json\/wp\/v2\/users\/1"}],"replies":[{"embeddable":true,"href":"https:\/\/www.baumeister-klima.de\/cms\/wp-json\/wp\/v2\/comments?post=622"}],"version-history":[{"count":0,"href":"https:\/\/www.baumeister-klima.de\/cms\/wp-json\/wp\/v2\/pages\/622\/revisions"}],"wp:attachment":[{"href":"https:\/\/www.baumeister-klima.de\/cms\/wp-json\/wp\/v2\/media?parent=622"}],"curies":[{"name":"wp","href":"https:\/\/api.w.org\/{rel}","templated":true}]}}