{"id":363,"date":"2017-12-15T17:15:51","date_gmt":"2017-12-15T17:15:51","guid":{"rendered":"https:\/\/www.baumeister-klima.de\/cms\/?page_id=363"},"modified":"2020-06-13T05:05:23","modified_gmt":"2020-06-13T05:05:23","slug":"azubi-konstruktionsmechaniker-fachrichtung-feinblechtechnik","status":"publish","type":"page","link":"https:\/\/www.baumeister-klima.de\/cms\/azubi-konstruktionsmechaniker-fachrichtung-feinblechtechnik\/","title":{"rendered":"Azubi Konstruktionsmechaniker Fachrichtung Feinblechtechnik"},"content":{"rendered":"<section id=\"builder-section-text_11\" class=\"builder-section-first builder-section builder-section-text builder-section-last builder-text-columns-1\" style=\"background-size: cover; background-repeat: no-repeat;background-position: center center;\">\n<div class=\"builder-section-content\">\n<div class=\"builder-text-row\">\n<div class=\"builder-text-column builder-text-column-1\" id=\"builder-section-text_11-column-1\">\n<div class=\"builder-text-content\">\n<p><strong>Wir suchen: M\/W\u00a0\u00a0\u00a0\u00a0 Azubi\u00a0 Konstruktionsmechaniker Fachrichtung Feinblechtechnik<\/strong><\/p>\n<p><strong>Voraussetzung:<\/strong>\u00a0\u00a0 Schulbildung Haupt-, Realschule mit Notenschnitt 3.0 oder besser<\/p>\n<p>F\u00fchrerschein <strong><u>min.<\/u><\/strong>\u00a0 PKW (bzw. in der FS-Ausbildung)<\/p>\n<p>Mechanische F\u00e4higkeiten und Kenntnisse erw\u00fcnscht<\/p>\n<p>Einsatzbereitschaft, Flexibilit\u00e4t und Belastbarkeit sowie gute kollegiale Teambereitschaft.<\/p>\n<p><strong>Ihr T\u00e4tigkeitsbereich:<\/strong>\u00a0<\/p>\n<p>Blechbearbeitung in unserer eigenen Luftkanalfertigung, Herstellung von L\u00fcftungskan\u00e4len, und Formteilen sowie Sonderteilanfertigung Teilweise auch Montage auf unseren Baustellen.<\/p>\n<p><b>Wir bieten:\u00a0 <\/b>ein verl\u00e4ssliches Team von Ausbildern, und Mitarbeitern, \u00a0gute Einarbeitung und notwendige Schulungen<\/p>\n<p>Blockunterricht in Rottweil\u00a0 sowie \u00dcberbetriebliche Ausbildung<\/p>\n<p>Bei erfolgreichem guten Abschluss der Ausbildung ist eine \u00dcbernahme in festes Arbeitsverh\u00e4ltnis von uns gew\u00fcnscht.<\/p>\n<p>Sollten Sie unseren Anforderungen entsprechen, so bewerben Sie sich bitte schriftlich \/per Mail\u00a0 unter folgender Adresse:<\/p>\n<p>Baumeister W\u00e4rmetechnik GmbH<\/p>\n<p>Hd. Herrn Dirk Baumeister CEO<\/p>\n<p>Industriegebiet Saline 39<\/p>\n<p>78628 Rottweil<\/p>\n<p>postfach@baumeister-klima.de<\/p>\n<\/p><\/div>\n<\/p><\/div>\n<\/p><\/div>\n<div class=\"builder-text-row\">\n<div class=\"builder-text-column builder-text-column-2\" id=\"builder-section-text_11-column-1\">\n<div class=\"builder-text-content\">\n\t\t\t\t\t\t\t\t\t\t\t<\/div>\n<\/p><\/div>\n<\/p><\/div>\n<div class=\"builder-text-row\">\n<div class=\"builder-text-column builder-text-column-3\" id=\"builder-section-text_11-column-1\">\n<div class=\"builder-text-content\">\n\t\t\t\t\t\t\t\t\t\t\t<\/div>\n<\/p><\/div>\n<\/p><\/div>\n<\/p><\/div>\n<\/section>\n","protected":false},"excerpt":{"rendered":"<p>Wir suchen: M\/W\u00a0\u00a0\u00a0\u00a0 Azubi\u00a0 Konstruktionsmechaniker Fachrichtung Feinblechtechnik Voraussetzung:\u00a0\u00a0 Schulbildung Haupt-, Realschule mit Notenschnitt 3.0 oder besser F\u00fchrerschein min.\u00a0 PKW (bzw. in der FS-Ausbildung) Mechanische F\u00e4higkeiten und Kenntnisse erw\u00fcnscht Einsatzbereitschaft, Flexibilit\u00e4t und Belastbarkeit sowie gute kollegiale Teambereitschaft. Ihr T\u00e4tigkeitsbereich:\u00a0 Blechbearbeitung in unserer eigenen Luftkanalfertigung, Herstellung von L\u00fcftungskan\u00e4len, und Formteilen sowie Sonderteilanfertigung Teilweise auch Montage auf unseren &hellip;<\/p>\n","protected":false},"author":1,"featured_media":0,"parent":0,"menu_order":0,"comment_status":"closed","ping_status":"closed","template":"template-builder.php","meta":{"footnotes":""},"class_list":["post-363","page","type-page","status-publish","hentry"],"_links":{"self":[{"href":"https:\/\/www.baumeister-klima.de\/cms\/wp-json\/wp\/v2\/pages\/363","targetHints":{"allow":["GET"]}}],"collection":[{"href":"https:\/\/www.baumeister-klima.de\/cms\/wp-json\/wp\/v2\/pages"}],"about":[{"href":"https:\/\/www.baumeister-klima.de\/cms\/wp-json\/wp\/v2\/types\/page"}],"author":[{"embeddable":true,"href":"https:\/\/www.baumeister-klima.de\/cms\/wp-json\/wp\/v2\/users\/1"}],"replies":[{"embeddable":true,"href":"https:\/\/www.baumeister-klima.de\/cms\/wp-json\/wp\/v2\/comments?post=363"}],"version-history":[{"count":0,"href":"https:\/\/www.baumeister-klima.de\/cms\/wp-json\/wp\/v2\/pages\/363\/revisions"}],"wp:attachment":[{"href":"https:\/\/www.baumeister-klima.de\/cms\/wp-json\/wp\/v2\/media?parent=363"}],"curies":[{"name":"wp","href":"https:\/\/api.w.org\/{rel}","templated":true}]}}