{"id":344,"date":"2017-12-15T16:17:59","date_gmt":"2017-12-15T16:17:59","guid":{"rendered":"https:\/\/www.baumeister-klima.de\/cms\/?page_id=344"},"modified":"2020-06-13T05:09:53","modified_gmt":"2020-06-13T05:09:53","slug":"obermonteur-lueftung-h-k-l","status":"publish","type":"page","link":"https:\/\/www.baumeister-klima.de\/cms\/obermonteur-lueftung-h-k-l\/","title":{"rendered":"Obermonteur L\u00fcftung H-K-L"},"content":{"rendered":"<section id=\"builder-section-text_11\" class=\"builder-section-first builder-section builder-section-text builder-section-last builder-text-columns-1\" style=\"background-size: cover; background-repeat: no-repeat;background-position: center center;\">\n<div class=\"builder-section-content\">\n<div class=\"builder-text-row\">\n<div class=\"builder-text-column builder-text-column-1\" id=\"builder-section-text_11-column-1\">\n<div class=\"builder-text-content\">\n<p>Wir suchen: <strong>M \/ W\u00a0\u00a0\u00a0\u00a0\u00a0\u00a0\u00a0 <\/strong> <strong>Obermonteur (L\u00fcftung H-K-L<\/strong><\/p>\n<p><strong>Voraussetzung:<\/strong>\u00a0 abgeschlossene Ausbildung zum Anlagenmechaniker H-K-L bzw. Heizungs- und L\u00fcftungsmonteur, idealerweise mehrj\u00e4hrige Erfahrung im luft- &amp; klimatechnischen Bereich sowie der Montage von L\u00fcftungsanlagen.<\/p>\n<p>Teamgeist, Flexibilit\u00e4t und Leistungsbereitschaft im Umgang mit Hubb\u00fchnen, Stapler und Hebezeugen.<\/p>\n<p>F\u00fchrerschein <strong><u>min.<\/u><\/strong>\u00a0 PKW <strong>mit<\/strong> Anh\u00e4nger \u2013 FS<\/p>\n<p>Ersthelfer Ausbildung<\/p>\n<p><strong>Ihr T\u00e4tigkeitsbereich:<\/strong>\u00a0\u00a0\u00a0\u00a0<\/p>\n<p>Baustellenleitung unserer Montageteams.<\/p>\n<p>Montage der L\u00fcftungsanlagen bis zur Inbetriebnahme, Montagef\u00fchrung im Team mit unseren eigenen Mitarbeitern.<\/p>\n<p>Teilnahme an den notwendigen Baubesprechungen mit unseren Technikern und den Bauleitern des Kunden<\/p>\n<p>Materiallogistik f\u00fcr die Baustelle mit Absprache Lagerist und LKW<\/p>\n<p>H\u00f6henmontagen in Hallen bis zu 15 Metern (Hubb\u00fchnen, Ger\u00fcste)<\/p>\n<p>Aufdachmontagen bis zu 40 Meter. Dachzentralen und Kanalsysteme<\/p>\n<p><strong>Wir bieten:<\/strong> ein verl\u00e4ssliches Team von Mitarbeitern, Montagefahrzeug<\/p>\n<p>leistungsgerechte \u00fcbertarifliche\u00a0 Bezahlung (Urlaubsgeld \/ Pr\u00e4mienzahlung) gute Einarbeitung und notwendige Schulungen<\/p>\n<p>Sollten Sie unseren Anforderungen entsprechen, so bewerben Sie sich bitte schriftlich &#8211; Per Mail\u00a0 unter folgender Adresse:<\/p>\n<p>Baumeister W\u00e4rmetechnik GmbH<\/p>\n<p>z.Hd. Herrn Dirk Baumeister CEO<\/p>\n<p>Industriegebiet Saline 39<\/p>\n<p>78628 Rottweil<\/p>\n<p>postfach@baumeister-klima.de<\/p>\n<\/p><\/div>\n<\/p><\/div>\n<\/p><\/div>\n<div class=\"builder-text-row\">\n<div class=\"builder-text-column builder-text-column-2\" id=\"builder-section-text_11-column-1\">\n<div class=\"builder-text-content\">\n\t\t\t\t\t\t\t\t\t\t\t<\/div>\n<\/p><\/div>\n<\/p><\/div>\n<div class=\"builder-text-row\">\n<div class=\"builder-text-column builder-text-column-3\" id=\"builder-section-text_11-column-1\">\n<div class=\"builder-text-content\">\n\t\t\t\t\t\t\t\t\t\t\t<\/div>\n<\/p><\/div>\n<\/p><\/div>\n<\/p><\/div>\n<\/section>\n","protected":false},"excerpt":{"rendered":"<p>Wir suchen: M \/ W\u00a0\u00a0\u00a0\u00a0\u00a0\u00a0\u00a0 Obermonteur (L\u00fcftung H-K-L Voraussetzung:\u00a0 abgeschlossene Ausbildung zum Anlagenmechaniker H-K-L bzw. Heizungs- und L\u00fcftungsmonteur, idealerweise mehrj\u00e4hrige Erfahrung im luft- &amp; klimatechnischen Bereich sowie der Montage von L\u00fcftungsanlagen. Teamgeist, Flexibilit\u00e4t und Leistungsbereitschaft im Umgang mit Hubb\u00fchnen, Stapler und Hebezeugen. F\u00fchrerschein min.\u00a0 PKW mit Anh\u00e4nger \u2013 FS Ersthelfer Ausbildung Ihr T\u00e4tigkeitsbereich:\u00a0\u00a0\u00a0\u00a0 Baustellenleitung unserer &hellip;<\/p>\n","protected":false},"author":1,"featured_media":0,"parent":0,"menu_order":0,"comment_status":"closed","ping_status":"closed","template":"template-builder.php","meta":{"footnotes":""},"class_list":["post-344","page","type-page","status-publish","hentry"],"_links":{"self":[{"href":"https:\/\/www.baumeister-klima.de\/cms\/wp-json\/wp\/v2\/pages\/344","targetHints":{"allow":["GET"]}}],"collection":[{"href":"https:\/\/www.baumeister-klima.de\/cms\/wp-json\/wp\/v2\/pages"}],"about":[{"href":"https:\/\/www.baumeister-klima.de\/cms\/wp-json\/wp\/v2\/types\/page"}],"author":[{"embeddable":true,"href":"https:\/\/www.baumeister-klima.de\/cms\/wp-json\/wp\/v2\/users\/1"}],"replies":[{"embeddable":true,"href":"https:\/\/www.baumeister-klima.de\/cms\/wp-json\/wp\/v2\/comments?post=344"}],"version-history":[{"count":0,"href":"https:\/\/www.baumeister-klima.de\/cms\/wp-json\/wp\/v2\/pages\/344\/revisions"}],"wp:attachment":[{"href":"https:\/\/www.baumeister-klima.de\/cms\/wp-json\/wp\/v2\/media?parent=344"}],"curies":[{"name":"wp","href":"https:\/\/api.w.org\/{rel}","templated":true}]}}